[INFO] fetching crate rexpaint 0.1.1...
[INFO] checking rexpaint-0.1.1 against master#cfbc6d4cf1acbac5c025acf8ed68929caa551df3 for pr-75494-beta
[INFO] extracting crate rexpaint 0.1.1 into /workspace/builds/worker-5/source
[INFO] validating manifest of crates.io crate rexpaint 0.1.1 on toolchain cfbc6d4cf1acbac5c025acf8ed68929caa551df3
[INFO] running `Command { std: "/workspace/cargo-home/bin/cargo" "+cfbc6d4cf1acbac5c025acf8ed68929caa551df3" "read-manifest" "--manifest-path" "Cargo.toml", kill_on_drop: false }`
[INFO] started tweaking crates.io crate rexpaint 0.1.1
[INFO] finished tweaking crates.io crate rexpaint 0.1.1
[INFO] tweaked toml for crates.io crate rexpaint 0.1.1 written to /workspace/builds/worker-5/source/Cargo.toml
[INFO] crate crates.io crate rexpaint 0.1.1 already has a lockfile, it will not be regenerated
[INFO] running `Command { std: "/workspace/cargo-home/bin/cargo" "+cfbc6d4cf1acbac5c025acf8ed68929caa551df3" "fetch" "--locked" "--manifest-path" "Cargo.toml", kill_on_drop: false }`
[INFO] [stderr]     Blocking waiting for file lock on package cache
[INFO] [stderr]  Downloading crates ...
[INFO] [stderr]   Downloaded unicode-width v0.1.5
[INFO] [stderr]   Downloaded rand_core v0.2.2
[INFO] [stderr]   Downloaded scoped_threadpool v0.1.9
[INFO] [stderr]   Downloaded rand_core v0.3.0
[INFO] [stderr]   Downloaded num-iter v0.1.37
[INFO] [stderr]   Downloaded rayon-core v1.4.1
[INFO] [stderr]   Downloaded cfg-if v0.1.6
[INFO] [stderr]   Downloaded num_cpus v1.8.0
[INFO] [stderr]   Downloaded png v0.11.0
[INFO] [stderr]   Downloaded crossbeam-utils v0.2.2
[INFO] [stderr]   Downloaded memoffset v0.2.1
[INFO] [stderr]   Downloaded miniz_oxide v0.2.0
[INFO] [stderr]   Downloaded either v1.5.0
[INFO] [stderr]   Downloaded rand v0.3.22
[INFO] [stderr]   Downloaded codepage-437 v0.1.0
[INFO] [stderr]   Downloaded arrayvec v0.4.7
[INFO] [stderr]   Downloaded flate2 v1.0.4
[INFO] [stderr]   Downloaded winapi v0.3.6
[INFO] [stderr]   Downloaded miniz_oxide_c_api v0.2.0
[INFO] [stderr]   Downloaded tcod-sys v4.1.0
[INFO] [stderr]   Downloaded csv v1.0.2
[INFO] [stderr]   Downloaded bitflags v1.0.4
[INFO] [stderr]   Downloaded memchr v2.1.0
[INFO] [stderr]   Downloaded enum_primitive v0.1.1
[INFO] [stderr]   Downloaded miniz-sys v0.1.11
[INFO] [stderr]   Downloaded jpeg-decoder v0.1.15
[INFO] [stderr]   Downloaded num-traits v0.1.43
[INFO] [stderr]   Downloaded byteorder v1.2.6
[INFO] [stderr]   Downloaded nodrop v0.1.12
[INFO] [stderr]   Downloaded cc v1.0.25
[INFO] [stderr]   Downloaded lazy_static v1.1.0
[INFO] [stderr]   Downloaded serde v1.0.80
[INFO] [stderr]   Downloaded libc v0.2.43
[INFO] [stderr]   Downloaded deflate v0.7.19
[INFO] [stderr]   Downloaded csv-core v0.1.4
[INFO] [stderr]   Downloaded crossbeam-deque v0.2.0
[INFO] [stderr]   Downloaded crossbeam-epoch v0.3.1
[INFO] [stderr]   Downloaded rayon v1.0.2
[INFO] [stderr]   Downloaded tcod v0.12.1
[INFO] [stderr]   Downloaded num-rational v0.1.42
[INFO] [stderr]   Downloaded inflate v0.3.4
[INFO] [stderr]   Downloaded gif v0.9.2
[INFO] [stderr]   Downloaded textwrap v0.10.0
[INFO] [stderr]   Downloaded bitflags v0.1.1
[INFO] [stderr]   Downloaded gcc v0.3.55
[INFO] [stderr]   Downloaded noise v0.5.1
[INFO] [stderr]   Downloaded image v0.18.0
[INFO] [stderr]   Downloaded rand v0.4.3
[INFO] [stderr]   Downloaded rand v0.5.5
[INFO] running `Command { std: "docker" "create" "-v" "/var/lib/crater-agent-workspace/builds/worker-5/target:/opt/rustwide/target:rw,Z" "-v" "/var/lib/crater-agent-workspace/builds/worker-5/source:/opt/rustwide/workdir:ro,Z" "-v" "/var/lib/crater-agent-workspace/cargo-home:/opt/rustwide/cargo-home:ro,Z" "-v" "/var/lib/crater-agent-workspace/rustup-home:/opt/rustwide/rustup-home:ro,Z" "-e" "SOURCE_DIR=/opt/rustwide/workdir" "-e" "CARGO_TARGET_DIR=/opt/rustwide/target" "-e" "CARGO_HOME=/opt/rustwide/cargo-home" "-e" "RUSTUP_HOME=/opt/rustwide/rustup-home" "-w" "/opt/rustwide/workdir" "-m" "1610612736" "--user" "0:0" "--network" "none" "rustops/crates-build-env@sha256:a636fd89d022f18117e1dc8fb37a0a009933cdbbe082814857f0e2024962d47c" "/opt/rustwide/cargo-home/bin/cargo" "+cfbc6d4cf1acbac5c025acf8ed68929caa551df3" "metadata" "--no-deps" "--format-version=1", kill_on_drop: false }`
[INFO] [stderr] WARNING: Your kernel does not support swap limit capabilities or the cgroup is not mounted. Memory limited without swap.
[INFO] [stdout] db1660bdc9d73cea368db296615cde8d6d9e08297cfb9aabe6c844dfe500e5fc
[INFO] running `Command { std: "docker" "start" "-a" "db1660bdc9d73cea368db296615cde8d6d9e08297cfb9aabe6c844dfe500e5fc", kill_on_drop: false }`
[INFO] running `Command { std: "docker" "inspect" "db1660bdc9d73cea368db296615cde8d6d9e08297cfb9aabe6c844dfe500e5fc", kill_on_drop: false }`
[INFO] running `Command { std: "docker" "rm" "-f" "db1660bdc9d73cea368db296615cde8d6d9e08297cfb9aabe6c844dfe500e5fc", kill_on_drop: false }`
[INFO] [stdout] db1660bdc9d73cea368db296615cde8d6d9e08297cfb9aabe6c844dfe500e5fc
[INFO] running `Command { std: "docker" "create" "-v" "/var/lib/crater-agent-workspace/builds/worker-5/target:/opt/rustwide/target:rw,Z" "-v" "/var/lib/crater-agent-workspace/builds/worker-5/source:/opt/rustwide/workdir:ro,Z" "-v" "/var/lib/crater-agent-workspace/cargo-home:/opt/rustwide/cargo-home:ro,Z" "-v" "/var/lib/crater-agent-workspace/rustup-home:/opt/rustwide/rustup-home:ro,Z" "-e" "SOURCE_DIR=/opt/rustwide/workdir" "-e" "CARGO_TARGET_DIR=/opt/rustwide/target" "-e" "CARGO_INCREMENTAL=0" "-e" "RUST_BACKTRACE=full" "-e" "RUSTFLAGS=--cap-lints=forbid" "-e" "CARGO_HOME=/opt/rustwide/cargo-home" "-e" "RUSTUP_HOME=/opt/rustwide/rustup-home" "-w" "/opt/rustwide/workdir" "-m" "1610612736" "--user" "0:0" "--network" "none" "rustops/crates-build-env@sha256:a636fd89d022f18117e1dc8fb37a0a009933cdbbe082814857f0e2024962d47c" "/opt/rustwide/cargo-home/bin/cargo" "+cfbc6d4cf1acbac5c025acf8ed68929caa551df3" "check" "--frozen" "--all" "--all-targets" "--message-format=json", kill_on_drop: false }`
[INFO] [stdout] 6867805922b709c3909a1b61b0a85a9dd46685bc826319988bf778bbd75af0ec
[INFO] [stderr] WARNING: Your kernel does not support swap limit capabilities or the cgroup is not mounted. Memory limited without swap.
[INFO] running `Command { std: "docker" "start" "-a" "6867805922b709c3909a1b61b0a85a9dd46685bc826319988bf778bbd75af0ec", kill_on_drop: false }`
[INFO] [stderr]    Compiling version_check v0.1.5
[INFO] [stderr]     Checking libc v0.2.43
[INFO] [stderr]     Checking nodrop v0.1.12
[INFO] [stderr]    Compiling rayon-core v1.4.1
[INFO] [stderr]     Checking memoffset v0.2.1
[INFO] [stderr]    Compiling num-integer v0.1.39
[INFO] [stderr]     Checking byteorder v1.2.6
[INFO] [stderr]    Compiling serde v1.0.80
[INFO] [stderr]    Compiling cfg-if v0.1.6
[INFO] [stderr]    Compiling num-iter v0.1.37
[INFO] [stderr]    Compiling cc v1.0.25
[INFO] [stderr]    Compiling rayon v1.0.2
[INFO] [stderr]     Checking adler32 v1.0.3
[INFO] [stderr]    Compiling pkg-config v0.3.16
[INFO] [stderr]     Checking either v1.5.0
[INFO] [stderr]     Checking lzw v0.10.0
[INFO] [stderr]     Checking color_quant v1.0.1
[INFO] [stderr]     Checking scoped_threadpool v0.1.9
[INFO] [stderr]     Checking rand_core v0.3.0
[INFO] [stderr]     Checking bitflags v0.1.1
[INFO] [stderr]     Checking crossbeam-utils v0.2.2
[INFO] [stderr]     Checking arrayvec v0.4.7
[INFO] [stderr]     Checking inflate v0.3.4
[INFO] [stderr]     Checking textwrap v0.10.0
[INFO] [stderr]     Checking gif v0.9.2
[INFO] [stderr]     Checking deflate v0.7.19
[INFO] [stderr]     Checking rand_core v0.2.2
[INFO] [stderr]     Checking enum_primitive v0.1.1
[INFO] [stderr]    Compiling lazy_static v1.1.0
[INFO] [stderr]    Compiling memchr v2.1.0
[INFO] [stderr]     Checking num_cpus v1.8.0
[INFO] [stderr]     Checking rand v0.4.3
[INFO] [stderr]     Checking rand v0.5.5
[INFO] [stderr]    Compiling tcod-sys v4.1.0
[INFO] [stderr]     Checking crossbeam-epoch v0.3.1
[INFO] [stderr]     Checking num-rational v0.1.42
[INFO] [stderr]    Compiling csv-core v0.1.4
[INFO] [stderr]     Checking png v0.11.0
[INFO] [stderr]    Compiling miniz-sys v0.1.11
[INFO] [stderr]     Checking crossbeam-deque v0.2.0
[INFO] [stderr]     Checking rand v0.3.22
[INFO] [stderr]     Checking flate2 v1.0.4
[INFO] [stderr]     Checking rexpaint v0.1.1 (/opt/rustwide/workdir)
[INFO] [stderr]     Checking jpeg-decoder v0.1.15
[INFO] [stderr] The following warnings were emitted during compilation:
[INFO] [stderr] 
[INFO] [stderr] warning: libtcod/src/sys_opengl_c.c:35:10: fatal error: SDL/SDL.h: No such file or directory
[INFO] [stderr] warning:    35 | #include <SDL/SDL.h>
[INFO] [stderr] warning:       |          ^~~~~~~~~~~
[INFO] [stderr] warning: compilation terminated.
[INFO] [stderr] 
[INFO] [stderr] error: failed to run custom build command for `tcod-sys v4.1.0`
[INFO] [stderr] 
[INFO] [stderr] Caused by:
[INFO] [stderr]   process didn't exit successfully: `/opt/rustwide/target/debug/build/tcod-sys-327c799c7069754a/build-script-build` (exit code: 101)
[INFO] [stderr]   --- stdout
[INFO] [stderr]   TARGET = Some("x86_64-unknown-linux-gnu")
[INFO] [stderr]   OPT_LEVEL = Some("0")
[INFO] [stderr]   TARGET = Some("x86_64-unknown-linux-gnu")
[INFO] [stderr]   HOST = Some("x86_64-unknown-linux-gnu")
[INFO] [stderr]   TARGET = Some("x86_64-unknown-linux-gnu")
[INFO] [stderr]   TARGET = Some("x86_64-unknown-linux-gnu")
[INFO] [stderr]   HOST = Some("x86_64-unknown-linux-gnu")
[INFO] [stderr]   CC_x86_64-unknown-linux-gnu = None
[INFO] [stderr]   CC_x86_64_unknown_linux_gnu = None
[INFO] [stderr]   HOST_CC = None
[INFO] [stderr]   CC = None
[INFO] [stderr]   HOST = Some("x86_64-unknown-linux-gnu")
[INFO] [stderr]   TARGET = Some("x86_64-unknown-linux-gnu")
[INFO] [stderr]   HOST = Some("x86_64-unknown-linux-gnu")
[INFO] [stderr]   CFLAGS_x86_64-unknown-linux-gnu = None
[INFO] [stderr]   CFLAGS_x86_64_unknown_linux_gnu = None
[INFO] [stderr]   HOST_CFLAGS = None
[INFO] [stderr]   CFLAGS = None
[INFO] [stderr]   DEBUG = Some("true")
[INFO] [stderr]   running: "cc" "-O0" "-ffunction-sections" "-fdata-sections" "-fPIC" "-g" "-m64" "-w" "-Wall" "-Wextra" "-o" "/opt/rustwide/target/debug/build/tcod-sys-15e71e73ff221b5f/out/libtcod/src/zlib/adler32.o" "-c" "libtcod/src/zlib/adler32.c"
[INFO] [stderr]   exit code: 0
[INFO] [stderr]   TARGET = Some("x86_64-unknown-linux-gnu")
[INFO] [stderr]   OPT_LEVEL = Some("0")
[INFO] [stderr]   TARGET = Some("x86_64-unknown-linux-gnu")
[INFO] [stderr]   HOST = Some("x86_64-unknown-linux-gnu")
[INFO] [stderr]   TARGET = Some("x86_64-unknown-linux-gnu")
[INFO] [stderr]   TARGET = Some("x86_64-unknown-linux-gnu")
[INFO] [stderr]   HOST = Some("x86_64-unknown-linux-gnu")
[INFO] [stderr]   CC_x86_64-unknown-linux-gnu = None
[INFO] [stderr]   CC_x86_64_unknown_linux_gnu = None
[INFO] [stderr]   HOST_CC = None
[INFO] [stderr]   CC = None
[INFO] [stderr]   HOST = Some("x86_64-unknown-linux-gnu")
[INFO] [stderr]   TARGET = Some("x86_64-unknown-linux-gnu")
[INFO] [stderr]   HOST = Some("x86_64-unknown-linux-gnu")
[INFO] [stderr]   CFLAGS_x86_64-unknown-linux-gnu = None
[INFO] [stderr]   CFLAGS_x86_64_unknown_linux_gnu = None
[INFO] [stderr]   HOST_CFLAGS = None
[INFO] [stderr]   CFLAGS = None
[INFO] [stderr]   DEBUG = Some("true")
[INFO] [stderr]   running: "cc" "-O0" "-ffunction-sections" "-fdata-sections" "-fPIC" "-g" "-m64" "-w" "-Wall" "-Wextra" "-o" "/opt/rustwide/target/debug/build/tcod-sys-15e71e73ff221b5f/out/libtcod/src/zlib/crc32.o" "-c" "libtcod/src/zlib/crc32.c"
[INFO] [stderr]   exit code: 0
[INFO] [stderr]   TARGET = Some("x86_64-unknown-linux-gnu")
[INFO] [stderr]   OPT_LEVEL = Some("0")
[INFO] [stderr]   TARGET = Some("x86_64-unknown-linux-gnu")
[INFO] [stderr]   HOST = Some("x86_64-unknown-linux-gnu")
[INFO] [stderr]   TARGET = Some("x86_64-unknown-linux-gnu")
[INFO] [stderr]   TARGET = Some("x86_64-unknown-linux-gnu")
[INFO] [stderr]   HOST = Some("x86_64-unknown-linux-gnu")
[INFO] [stderr]   CC_x86_64-unknown-linux-gnu = None
[INFO] [stderr]   CC_x86_64_unknown_linux_gnu = None
[INFO] [stderr]   HOST_CC = None
[INFO] [stderr]   CC = None
[INFO] [stderr]   HOST = Some("x86_64-unknown-linux-gnu")
[INFO] [stderr]   TARGET = Some("x86_64-unknown-linux-gnu")
[INFO] [stderr]   HOST = Some("x86_64-unknown-linux-gnu")
[INFO] [stderr]   CFLAGS_x86_64-unknown-linux-gnu = None
[INFO] [stderr]   CFLAGS_x86_64_unknown_linux_gnu = None
[INFO] [stderr]   HOST_CFLAGS = None
[INFO] [stderr]   CFLAGS = None
[INFO] [stderr]   DEBUG = Some("true")
[INFO] [stderr]   running: "cc" "-O0" "-ffunction-sections" "-fdata-sections" "-fPIC" "-g" "-m64" "-w" "-Wall" "-Wextra" "-o" "/opt/rustwide/target/debug/build/tcod-sys-15e71e73ff221b5f/out/libtcod/src/zlib/deflate.o" "-c" "libtcod/src/zlib/deflate.c"
[INFO] [stderr]   exit code: 0
[INFO] [stderr]   TARGET = Some("x86_64-unknown-linux-gnu")
[INFO] [stderr]   OPT_LEVEL = Some("0")
[INFO] [stderr]   TARGET = Some("x86_64-unknown-linux-gnu")
[INFO] [stderr]   HOST = Some("x86_64-unknown-linux-gnu")
[INFO] [stderr]   TARGET = Some("x86_64-unknown-linux-gnu")
[INFO] [stderr]   TARGET = Some("x86_64-unknown-linux-gnu")
[INFO] [stderr]   HOST = Some("x86_64-unknown-linux-gnu")
[INFO] [stderr]   CC_x86_64-unknown-linux-gnu = None
[INFO] [stderr]   CC_x86_64_unknown_linux_gnu = None
[INFO] [stderr]   HOST_CC = None
[INFO] [stderr]   CC = None
[INFO] [stderr]   HOST = Some("x86_64-unknown-linux-gnu")
[INFO] [stderr]   TARGET = Some("x86_64-unknown-linux-gnu")
[INFO] [stderr]   HOST = Some("x86_64-unknown-linux-gnu")
[INFO] [stderr]   CFLAGS_x86_64-unknown-linux-gnu = None
[INFO] [stderr]   CFLAGS_x86_64_unknown_linux_gnu = None
[INFO] [stderr]   HOST_CFLAGS = None
[INFO] [stderr]   CFLAGS = None
[INFO] [stderr]   DEBUG = Some("true")
[INFO] [stderr]   running: "cc" "-O0" "-ffunction-sections" "-fdata-sections" "-fPIC" "-g" "-m64" "-w" "-Wall" "-Wextra" "-o" "/opt/rustwide/target/debug/build/tcod-sys-15e71e73ff221b5f/out/libtcod/src/zlib/infback.o" "-c" "libtcod/src/zlib/infback.c"
[INFO] [stderr]   exit code: 0
[INFO] [stderr]   TARGET = Some("x86_64-unknown-linux-gnu")
[INFO] [stderr]   OPT_LEVEL = Some("0")
[INFO] [stderr]   TARGET = Some("x86_64-unknown-linux-gnu")
[INFO] [stderr]   HOST = Some("x86_64-unknown-linux-gnu")
[INFO] [stderr]   TARGET = Some("x86_64-unknown-linux-gnu")
[INFO] [stderr]   TARGET = Some("x86_64-unknown-linux-gnu")
[INFO] [stderr]   HOST = Some("x86_64-unknown-linux-gnu")
[INFO] [stderr]   CC_x86_64-unknown-linux-gnu = None
[INFO] [stderr]   CC_x86_64_unknown_linux_gnu = None
[INFO] [stderr]   HOST_CC = None
[INFO] [stderr]   CC = None
[INFO] [stderr]   HOST = Some("x86_64-unknown-linux-gnu")
[INFO] [stderr]   TARGET = Some("x86_64-unknown-linux-gnu")
[INFO] [stderr]   HOST = Some("x86_64-unknown-linux-gnu")
[INFO] [stderr]   CFLAGS_x86_64-unknown-linux-gnu = None
[INFO] [stderr]   CFLAGS_x86_64_unknown_linux_gnu = None
[INFO] [stderr]   HOST_CFLAGS = None
[INFO] [stderr]   CFLAGS = None
[INFO] [stderr]   DEBUG = Some("true")
[INFO] [stderr]   running: "cc" "-O0" "-ffunction-sections" "-fdata-sections" "-fPIC" "-g" "-m64" "-w" "-Wall" "-Wextra" "-o" "/opt/rustwide/target/debug/build/tcod-sys-15e71e73ff221b5f/out/libtcod/src/zlib/inffast.o" "-c" "libtcod/src/zlib/inffast.c"
[INFO] [stderr]   exit code: 0
[INFO] [stderr]   TARGET = Some("x86_64-unknown-linux-gnu")
[INFO] [stderr]   OPT_LEVEL = Some("0")
[INFO] [stderr]   TARGET = Some("x86_64-unknown-linux-gnu")
[INFO] [stderr]   HOST = Some("x86_64-unknown-linux-gnu")
[INFO] [stderr]   TARGET = Some("x86_64-unknown-linux-gnu")
[INFO] [stderr]   TARGET = Some("x86_64-unknown-linux-gnu")
[INFO] [stderr]   HOST = Some("x86_64-unknown-linux-gnu")
[INFO] [stderr]   CC_x86_64-unknown-linux-gnu = None
[INFO] [stderr]   CC_x86_64_unknown_linux_gnu = None
[INFO] [stderr]   HOST_CC = None
[INFO] [stderr]   CC = None
[INFO] [stderr]   HOST = Some("x86_64-unknown-linux-gnu")
[INFO] [stderr]   TARGET = Some("x86_64-unknown-linux-gnu")
[INFO] [stderr]   HOST = Some("x86_64-unknown-linux-gnu")
[INFO] [stderr]   CFLAGS_x86_64-unknown-linux-gnu = None
[INFO] [stderr]   CFLAGS_x86_64_unknown_linux_gnu = None
[INFO] [stderr]   HOST_CFLAGS = None
[INFO] [stderr]   CFLAGS = None
[INFO] [stderr]   DEBUG = Some("true")
[INFO] [stderr]   running: "cc" "-O0" "-ffunction-sections" "-fdata-sections" "-fPIC" "-g" "-m64" "-w" "-Wall" "-Wextra" "-o" "/opt/rustwide/target/debug/build/tcod-sys-15e71e73ff221b5f/out/libtcod/src/zlib/inflate.o" "-c" "libtcod/src/zlib/inflate.c"
[INFO] [stderr]   exit code: 0
[INFO] [stderr]   TARGET = Some("x86_64-unknown-linux-gnu")
[INFO] [stderr]   OPT_LEVEL = Some("0")
[INFO] [stderr]   TARGET = Some("x86_64-unknown-linux-gnu")
[INFO] [stderr]   HOST = Some("x86_64-unknown-linux-gnu")
[INFO] [stderr]   TARGET = Some("x86_64-unknown-linux-gnu")
[INFO] [stderr]   TARGET = Some("x86_64-unknown-linux-gnu")
[INFO] [stderr]   HOST = Some("x86_64-unknown-linux-gnu")
[INFO] [stderr]   CC_x86_64-unknown-linux-gnu = None
[INFO] [stderr]   CC_x86_64_unknown_linux_gnu = None
[INFO] [stderr]   HOST_CC = None
[INFO] [stderr]   CC = None
[INFO] [stderr]   HOST = Some("x86_64-unknown-linux-gnu")
[INFO] [stderr]   TARGET = Some("x86_64-unknown-linux-gnu")
[INFO] [stderr]   HOST = Some("x86_64-unknown-linux-gnu")
[INFO] [stderr]   CFLAGS_x86_64-unknown-linux-gnu = None
[INFO] [stderr]   CFLAGS_x86_64_unknown_linux_gnu = None
[INFO] [stderr]   HOST_CFLAGS = None
[INFO] [stderr]   CFLAGS = None
[INFO] [stderr]   DEBUG = Some("true")
[INFO] [stderr]   running: "cc" "-O0" "-ffunction-sections" "-fdata-sections" "-fPIC" "-g" "-m64" "-w" "-Wall" "-Wextra" "-o" "/opt/rustwide/target/debug/build/tcod-sys-15e71e73ff221b5f/out/libtcod/src/zlib/inftrees.o" "-c" "libtcod/src/zlib/inftrees.c"
[INFO] [stderr]   exit code: 0
[INFO] [stderr]   TARGET = Some("x86_64-unknown-linux-gnu")
[INFO] [stderr]   OPT_LEVEL = Some("0")
[INFO] [stderr]   TARGET = Some("x86_64-unknown-linux-gnu")
[INFO] [stderr]   HOST = Some("x86_64-unknown-linux-gnu")
[INFO] [stderr]   TARGET = Some("x86_64-unknown-linux-gnu")
[INFO] [stderr]   TARGET = Some("x86_64-unknown-linux-gnu")
[INFO] [stderr]   HOST = Some("x86_64-unknown-linux-gnu")
[INFO] [stderr]   CC_x86_64-unknown-linux-gnu = None
[INFO] [stderr]   CC_x86_64_unknown_linux_gnu = None
[INFO] [stderr]   HOST_CC = None
[INFO] [stderr]   CC = None
[INFO] [stderr]   HOST = Some("x86_64-unknown-linux-gnu")
[INFO] [stderr]   TARGET = Some("x86_64-unknown-linux-gnu")
[INFO] [stderr]   HOST = Some("x86_64-unknown-linux-gnu")
[INFO] [stderr]   CFLAGS_x86_64-unknown-linux-gnu = None
[INFO] [stderr]   CFLAGS_x86_64_unknown_linux_gnu = None
[INFO] [stderr]   HOST_CFLAGS = None
[INFO] [stderr]   CFLAGS = None
[INFO] [stderr]   DEBUG = Some("true")
[INFO] [stderr]   running: "cc" "-O0" "-ffunction-sections" "-fdata-sections" "-fPIC" "-g" "-m64" "-w" "-Wall" "-Wextra" "-o" "/opt/rustwide/target/debug/build/tcod-sys-15e71e73ff221b5f/out/libtcod/src/zlib/trees.o" "-c" "libtcod/src/zlib/trees.c"
[INFO] [stderr]   exit code: 0
[INFO] [stderr]   TARGET = Some("x86_64-unknown-linux-gnu")
[INFO] [stderr]   OPT_LEVEL = Some("0")
[INFO] [stderr]   TARGET = Some("x86_64-unknown-linux-gnu")
[INFO] [stderr]   HOST = Some("x86_64-unknown-linux-gnu")
[INFO] [stderr]   TARGET = Some("x86_64-unknown-linux-gnu")
[INFO] [stderr]   TARGET = Some("x86_64-unknown-linux-gnu")
[INFO] [stderr]   HOST = Some("x86_64-unknown-linux-gnu")
[INFO] [stderr]   CC_x86_64-unknown-linux-gnu = None
[INFO] [stderr]   CC_x86_64_unknown_linux_gnu = None
[INFO] [stderr]   HOST_CC = None
[INFO] [stderr]   CC = None
[INFO] [stderr]   HOST = Some("x86_64-unknown-linux-gnu")
[INFO] [stderr]   TARGET = Some("x86_64-unknown-linux-gnu")
[INFO] [stderr]   HOST = Some("x86_64-unknown-linux-gnu")
[INFO] [stderr]   CFLAGS_x86_64-unknown-linux-gnu = None
[INFO] [stderr]   CFLAGS_x86_64_unknown_linux_gnu = None
[INFO] [stderr]   HOST_CFLAGS = None
[INFO] [stderr]   CFLAGS = None
[INFO] [stderr]   DEBUG = Some("true")
[INFO] [stderr]   running: "cc" "-O0" "-ffunction-sections" "-fdata-sections" "-fPIC" "-g" "-m64" "-w" "-Wall" "-Wextra" "-o" "/opt/rustwide/target/debug/build/tcod-sys-15e71e73ff221b5f/out/libtcod/src/zlib/zutil.o" "-c" "libtcod/src/zlib/zutil.c"
[INFO] [stderr]   exit code: 0
[INFO] [stderr]   TARGET = Some("x86_64-unknown-linux-gnu")
[INFO] [stderr]   OPT_LEVEL = Some("0")
[INFO] [stderr]   TARGET = Some("x86_64-unknown-linux-gnu")
[INFO] [stderr]   HOST = Some("x86_64-unknown-linux-gnu")
[INFO] [stderr]   TARGET = Some("x86_64-unknown-linux-gnu")
[INFO] [stderr]   TARGET = Some("x86_64-unknown-linux-gnu")
[INFO] [stderr]   HOST = Some("x86_64-unknown-linux-gnu")
[INFO] [stderr]   CC_x86_64-unknown-linux-gnu = None
[INFO] [stderr]   CC_x86_64_unknown_linux_gnu = None
[INFO] [stderr]   HOST_CC = None
[INFO] [stderr]   CC = None
[INFO] [stderr]   HOST = Some("x86_64-unknown-linux-gnu")
[INFO] [stderr]   TARGET = Some("x86_64-unknown-linux-gnu")
[INFO] [stderr]   HOST = Some("x86_64-unknown-linux-gnu")
[INFO] [stderr]   CFLAGS_x86_64-unknown-linux-gnu = None
[INFO] [stderr]   CFLAGS_x86_64_unknown_linux_gnu = None
[INFO] [stderr]   HOST_CFLAGS = None
[INFO] [stderr]   CFLAGS = None
[INFO] [stderr]   DEBUG = Some("true")
[INFO] [stderr]   running: "cc" "-O0" "-ffunction-sections" "-fdata-sections" "-fPIC" "-g" "-m64" "-w" "-Wall" "-Wextra" "-o" "/opt/rustwide/target/debug/build/tcod-sys-15e71e73ff221b5f/out/libtcod/src/zlib/compress.o" "-c" "libtcod/src/zlib/compress.c"
[INFO] [stderr]   exit code: 0
[INFO] [stderr]   TARGET = Some("x86_64-unknown-linux-gnu")
[INFO] [stderr]   OPT_LEVEL = Some("0")
[INFO] [stderr]   TARGET = Some("x86_64-unknown-linux-gnu")
[INFO] [stderr]   HOST = Some("x86_64-unknown-linux-gnu")
[INFO] [stderr]   TARGET = Some("x86_64-unknown-linux-gnu")
[INFO] [stderr]   TARGET = Some("x86_64-unknown-linux-gnu")
[INFO] [stderr]   HOST = Some("x86_64-unknown-linux-gnu")
[INFO] [stderr]   CC_x86_64-unknown-linux-gnu = None
[INFO] [stderr]   CC_x86_64_unknown_linux_gnu = None
[INFO] [stderr]   HOST_CC = None
[INFO] [stderr]   CC = None
[INFO] [stderr]   HOST = Some("x86_64-unknown-linux-gnu")
[INFO] [stderr]   TARGET = Some("x86_64-unknown-linux-gnu")
[INFO] [stderr]   HOST = Some("x86_64-unknown-linux-gnu")
[INFO] [stderr]   CFLAGS_x86_64-unknown-linux-gnu = None
[INFO] [stderr]   CFLAGS_x86_64_unknown_linux_gnu = None
[INFO] [stderr]   HOST_CFLAGS = None
[INFO] [stderr]   CFLAGS = None
[INFO] [stderr]   DEBUG = Some("true")
[INFO] [stderr]   running: "cc" "-O0" "-ffunction-sections" "-fdata-sections" "-fPIC" "-g" "-m64" "-w" "-Wall" "-Wextra" "-o" "/opt/rustwide/target/debug/build/tcod-sys-15e71e73ff221b5f/out/libtcod/src/zlib/uncompr.o" "-c" "libtcod/src/zlib/uncompr.c"
[INFO] [stderr]   exit code: 0
[INFO] [stderr]   TARGET = Some("x86_64-unknown-linux-gnu")
[INFO] [stderr]   OPT_LEVEL = Some("0")
[INFO] [stderr]   TARGET = Some("x86_64-unknown-linux-gnu")
[INFO] [stderr]   HOST = Some("x86_64-unknown-linux-gnu")
[INFO] [stderr]   TARGET = Some("x86_64-unknown-linux-gnu")
[INFO] [stderr]   TARGET = Some("x86_64-unknown-linux-gnu")
[INFO] [stderr]   HOST = Some("x86_64-unknown-linux-gnu")
[INFO] [stderr]   CC_x86_64-unknown-linux-gnu = None
[INFO] [stderr]   CC_x86_64_unknown_linux_gnu = None
[INFO] [stderr]   HOST_CC = None
[INFO] [stderr]   CC = None
[INFO] [stderr]   HOST = Some("x86_64-unknown-linux-gnu")
[INFO] [stderr]   TARGET = Some("x86_64-unknown-linux-gnu")
[INFO] [stderr]   HOST = Some("x86_64-unknown-linux-gnu")
[INFO] [stderr]   CFLAGS_x86_64-unknown-linux-gnu = None
[INFO] [stderr]   CFLAGS_x86_64_unknown_linux_gnu = None
[INFO] [stderr]   HOST_CFLAGS = None
[INFO] [stderr]   CFLAGS = None
[INFO] [stderr]   DEBUG = Some("true")
[INFO] [stderr]   running: "cc" "-O0" "-ffunction-sections" "-fdata-sections" "-fPIC" "-g" "-m64" "-w" "-Wall" "-Wextra" "-o" "/opt/rustwide/target/debug/build/tcod-sys-15e71e73ff221b5f/out/libtcod/src/zlib/gzclose.o" "-c" "libtcod/src/zlib/gzclose.c"
[INFO] [stderr]   exit code: 0
[INFO] [stderr]   TARGET = Some("x86_64-unknown-linux-gnu")
[INFO] [stderr]   OPT_LEVEL = Some("0")
[INFO] [stderr]   TARGET = Some("x86_64-unknown-linux-gnu")
[INFO] [stderr]   HOST = Some("x86_64-unknown-linux-gnu")
[INFO] [stderr]   TARGET = Some("x86_64-unknown-linux-gnu")
[INFO] [stderr]   TARGET = Some("x86_64-unknown-linux-gnu")
[INFO] [stderr]   HOST = Some("x86_64-unknown-linux-gnu")
[INFO] [stderr]   CC_x86_64-unknown-linux-gnu = None
[INFO] [stderr]   CC_x86_64_unknown_linux_gnu = None
[INFO] [stderr]   HOST_CC = None
[INFO] [stderr]   CC = None
[INFO] [stderr]   HOST = Some("x86_64-unknown-linux-gnu")
[INFO] [stderr]   TARGET = Some("x86_64-unknown-linux-gnu")
[INFO] [stderr]   HOST = Some("x86_64-unknown-linux-gnu")
[INFO] [stderr]   CFLAGS_x86_64-unknown-linux-gnu = None
[INFO] [stderr]   CFLAGS_x86_64_unknown_linux_gnu = None
[INFO] [stderr]   HOST_CFLAGS = None
[INFO] [stderr]   CFLAGS = None
[INFO] [stderr]   DEBUG = Some("true")
[INFO] [stderr]   running: "cc" "-O0" "-ffunction-sections" "-fdata-sections" "-fPIC" "-g" "-m64" "-w" "-Wall" "-Wextra" "-o" "/opt/rustwide/target/debug/build/tcod-sys-15e71e73ff221b5f/out/libtcod/src/zlib/gzlib.o" "-c" "libtcod/src/zlib/gzlib.c"
[INFO] [stderr]   exit code: 0
[INFO] [stderr]   TARGET = Some("x86_64-unknown-linux-gnu")
[INFO] [stderr]   OPT_LEVEL = Some("0")
[INFO] [stderr]   TARGET = Some("x86_64-unknown-linux-gnu")
[INFO] [stderr]   HOST = Some("x86_64-unknown-linux-gnu")
[INFO] [stderr]   TARGET = Some("x86_64-unknown-linux-gnu")
[INFO] [stderr]   TARGET = Some("x86_64-unknown-linux-gnu")
[INFO] [stderr]   HOST = Some("x86_64-unknown-linux-gnu")
[INFO] [stderr]   CC_x86_64-unknown-linux-gnu = None
[INFO] [stderr]   CC_x86_64_unknown_linux_gnu = None
[INFO] [stderr]   HOST_CC = None
[INFO] [stderr]   CC = None
[INFO] [stderr]   HOST = Some("x86_64-unknown-linux-gnu")
[INFO] [stderr]   TARGET = Some("x86_64-unknown-linux-gnu")
[INFO] [stderr]   HOST = Some("x86_64-unknown-linux-gnu")
[INFO] [stderr]   CFLAGS_x86_64-unknown-linux-gnu = None
[INFO] [stderr]   CFLAGS_x86_64_unknown_linux_gnu = None
[INFO] [stderr]   HOST_CFLAGS = None
[INFO] [stderr]   CFLAGS = None
[INFO] [stderr]   DEBUG = Some("true")
[INFO] [stderr]   running: "cc" "-O0" "-ffunction-sections" "-fdata-sections" "-fPIC" "-g" "-m64" "-w" "-Wall" "-Wextra" "-o" "/opt/rustwide/target/debug/build/tcod-sys-15e71e73ff221b5f/out/libtcod/src/zlib/gzread.o" "-c" "libtcod/src/zlib/gzread.c"
[INFO] [stderr]   exit code: 0
[INFO] [stderr]   TARGET = Some("x86_64-unknown-linux-gnu")
[INFO] [stderr]   OPT_LEVEL = Some("0")
[INFO] [stderr]   TARGET = Some("x86_64-unknown-linux-gnu")
[INFO] [stderr]   HOST = Some("x86_64-unknown-linux-gnu")
[INFO] [stderr]   TARGET = Some("x86_64-unknown-linux-gnu")
[INFO] [stderr]   TARGET = Some("x86_64-unknown-linux-gnu")
[INFO] [stderr]   HOST = Some("x86_64-unknown-linux-gnu")
[INFO] [stderr]   CC_x86_64-unknown-linux-gnu = None
[INFO] [stderr]   CC_x86_64_unknown_linux_gnu = None
[INFO] [stderr]   HOST_CC = None
[INFO] [stderr]   CC = None
[INFO] [stderr]   HOST = Some("x86_64-unknown-linux-gnu")
[INFO] [stderr]   TARGET = Some("x86_64-unknown-linux-gnu")
[INFO] [stderr]   HOST = Some("x86_64-unknown-linux-gnu")
[INFO] [stderr]   CFLAGS_x86_64-unknown-linux-gnu = None
[INFO] [stderr]   CFLAGS_x86_64_unknown_linux_gnu = None
[INFO] [stderr]   HOST_CFLAGS = None
[INFO] [stderr]   CFLAGS = None
[INFO] [stderr]   DEBUG = Some("true")
[INFO] [stderr]   running: "cc" "-O0" "-ffunction-sections" "-fdata-sections" "-fPIC" "-g" "-m64" "-w" "-Wall" "-Wextra" "-o" "/opt/rustwide/target/debug/build/tcod-sys-15e71e73ff221b5f/out/libtcod/src/zlib/gzwrite.o" "-c" "libtcod/src/zlib/gzwrite.c"
[INFO] [stderr]   exit code: 0
[INFO] [stderr]   TARGET = Some("x86_64-unknown-linux-gnu")
[INFO] [stderr]   TARGET = Some("x86_64-unknown-linux-gnu")
[INFO] [stderr]   HOST = Some("x86_64-unknown-linux-gnu")
[INFO] [stderr]   AR_x86_64-unknown-linux-gnu = None
[INFO] [stderr]   AR_x86_64_unknown_linux_gnu = None
[INFO] [stderr]   HOST_AR = None
[INFO] [stderr]   AR = None
[INFO] [stderr]   TARGET = Some("x86_64-unknown-linux-gnu")
[INFO] [stderr]   TARGET = Some("x86_64-unknown-linux-gnu")
[INFO] [stderr]   running: "ar" "crs" "/opt/rustwide/target/debug/build/tcod-sys-15e71e73ff221b5f/out/libz.a" "/opt/rustwide/target/debug/build/tcod-sys-15e71e73ff221b5f/out/libtcod/src/zlib/adler32.o" "/opt/rustwide/target/debug/build/tcod-sys-15e71e73ff221b5f/out/libtcod/src/zlib/crc32.o" "/opt/rustwide/target/debug/build/tcod-sys-15e71e73ff221b5f/out/libtcod/src/zlib/deflate.o" "/opt/rustwide/target/debug/build/tcod-sys-15e71e73ff221b5f/out/libtcod/src/zlib/infback.o" "/opt/rustwide/target/debug/build/tcod-sys-15e71e73ff221b5f/out/libtcod/src/zlib/inffast.o" "/opt/rustwide/target/debug/build/tcod-sys-15e71e73ff221b5f/out/libtcod/src/zlib/inflate.o" "/opt/rustwide/target/debug/build/tcod-sys-15e71e73ff221b5f/out/libtcod/src/zlib/inftrees.o" "/opt/rustwide/target/debug/build/tcod-sys-15e71e73ff221b5f/out/libtcod/src/zlib/trees.o" "/opt/rustwide/target/debug/build/tcod-sys-15e71e73ff221b5f/out/libtcod/src/zlib/zutil.o" "/opt/rustwide/target/debug/build/tcod-sys-15e71e73ff221b5f/out/libtcod/src/zlib/compress.o" "/opt/rustwide/target/debug/build/tcod-sys-15e71e73ff221b5f/out/libtcod/src/zlib/uncompr.o" "/opt/rustwide/target/debug/build/tcod-sys-15e71e73ff221b5f/out/libtcod/src/zlib/gzclose.o" "/opt/rustwide/target/debug/build/tcod-sys-15e71e73ff221b5f/out/libtcod/src/zlib/gzlib.o" "/opt/rustwide/target/debug/build/tcod-sys-15e71e73ff221b5f/out/libtcod/src/zlib/gzread.o" "/opt/rustwide/target/debug/build/tcod-sys-15e71e73ff221b5f/out/libtcod/src/zlib/gzwrite.o"
[INFO] [stderr]   exit code: 0
[INFO] [stderr]   TARGET = Some("x86_64-unknown-linux-gnu")
[INFO] [stderr]   cargo:rustc-link-lib=static=z
[INFO] [stderr]   cargo:rustc-link-search=native=/opt/rustwide/target/debug/build/tcod-sys-15e71e73ff221b5f/out
[INFO] [stderr]   running: "cc" "-O0" "-ffunction-sections" "-fdata-sections" "-fPIC" "-g" "-m64" "-I" "libtcod/include" "-I" "libtcod/src/zlib" "-fno-strict-aliasing" "-ansi" "-w" "-Wall" "-Wextra" "-o" "/opt/rustwide/target/debug/build/tcod-sys-15e71e73ff221b5f/out/libtcod/src/bresenham_c.o" "-c" "libtcod/src/bresenham_c.c"
[INFO] [stderr]   exit code: 0
[INFO] [stderr]   running: "cc" "-O0" "-ffunction-sections" "-fdata-sections" "-fPIC" "-g" "-m64" "-I" "libtcod/include" "-I" "libtcod/src/zlib" "-fno-strict-aliasing" "-ansi" "-w" "-Wall" "-Wextra" "-o" "/opt/rustwide/target/debug/build/tcod-sys-15e71e73ff221b5f/out/libtcod/src/bsp_c.o" "-c" "libtcod/src/bsp_c.c"
[INFO] [stderr]   exit code: 0
[INFO] [stderr]   running: "cc" "-O0" "-ffunction-sections" "-fdata-sections" "-fPIC" "-g" "-m64" "-I" "libtcod/include" "-I" "libtcod/src/zlib" "-fno-strict-aliasing" "-ansi" "-w" "-Wall" "-Wextra" "-o" "/opt/rustwide/target/debug/build/tcod-sys-15e71e73ff221b5f/out/libtcod/src/color_c.o" "-c" "libtcod/src/color_c.c"
[INFO] [stderr]   exit code: 0
[INFO] [stderr]   running: "cc" "-O0" "-ffunction-sections" "-fdata-sections" "-fPIC" "-g" "-m64" "-I" "libtcod/include" "-I" "libtcod/src/zlib" "-fno-strict-aliasing" "-ansi" "-w" "-Wall" "-Wextra" "-o" "/opt/rustwide/target/debug/build/tcod-sys-15e71e73ff221b5f/out/libtcod/src/console_c.o" "-c" "libtcod/src/console_c.c"
[INFO] [stderr]   exit code: 0
[INFO] [stderr]   running: "cc" "-O0" "-ffunction-sections" "-fdata-sections" "-fPIC" "-g" "-m64" "-I" "libtcod/include" "-I" "libtcod/src/zlib" "-fno-strict-aliasing" "-ansi" "-w" "-Wall" "-Wextra" "-o" "/opt/rustwide/target/debug/build/tcod-sys-15e71e73ff221b5f/out/libtcod/src/fov_c.o" "-c" "libtcod/src/fov_c.c"
[INFO] [stderr]   exit code: 0
[INFO] [stderr]   running: "cc" "-O0" "-ffunction-sections" "-fdata-sections" "-fPIC" "-g" "-m64" "-I" "libtcod/include" "-I" "libtcod/src/zlib" "-fno-strict-aliasing" "-ansi" "-w" "-Wall" "-Wextra" "-o" "/opt/rustwide/target/debug/build/tcod-sys-15e71e73ff221b5f/out/libtcod/src/fov_circular_raycasting.o" "-c" "libtcod/src/fov_circular_raycasting.c"
[INFO] [stderr]   exit code: 0
[INFO] [stderr]   running: "cc" "-O0" "-ffunction-sections" "-fdata-sections" "-fPIC" "-g" "-m64" "-I" "libtcod/include" "-I" "libtcod/src/zlib" "-fno-strict-aliasing" "-ansi" "-w" "-Wall" "-Wextra" "-o" "/opt/rustwide/target/debug/build/tcod-sys-15e71e73ff221b5f/out/libtcod/src/fov_diamond_raycasting.o" "-c" "libtcod/src/fov_diamond_raycasting.c"
[INFO] [stderr]   exit code: 0
[INFO] [stderr]   running: "cc" "-O0" "-ffunction-sections" "-fdata-sections" "-fPIC" "-g" "-m64" "-I" "libtcod/include" "-I" "libtcod/src/zlib" "-fno-strict-aliasing" "-ansi" "-w" "-Wall" "-Wextra" "-o" "/opt/rustwide/target/debug/build/tcod-sys-15e71e73ff221b5f/out/libtcod/src/fov_recursive_shadowcasting.o" "-c" "libtcod/src/fov_recursive_shadowcasting.c"
[INFO] [stderr]   exit code: 0
[INFO] [stderr]   running: "cc" "-O0" "-ffunction-sections" "-fdata-sections" "-fPIC" "-g" "-m64" "-I" "libtcod/include" "-I" "libtcod/src/zlib" "-fno-strict-aliasing" "-ansi" "-w" "-Wall" "-Wextra" "-o" "/opt/rustwide/target/debug/build/tcod-sys-15e71e73ff221b5f/out/libtcod/src/fov_permissive2.o" "-c" "libtcod/src/fov_permissive2.c"
[INFO] [stderr]   exit code: 0
[INFO] [stderr]   running: "cc" "-O0" "-ffunction-sections" "-fdata-sections" "-fPIC" "-g" "-m64" "-I" "libtcod/include" "-I" "libtcod/src/zlib" "-fno-strict-aliasing" "-ansi" "-w" "-Wall" "-Wextra" "-o" "/opt/rustwide/target/debug/build/tcod-sys-15e71e73ff221b5f/out/libtcod/src/fov_restrictive.o" "-c" "libtcod/src/fov_restrictive.c"
[INFO] [stderr]   exit code: 0
[INFO] [stderr]   running: "cc" "-O0" "-ffunction-sections" "-fdata-sections" "-fPIC" "-g" "-m64" "-I" "libtcod/include" "-I" "libtcod/src/zlib" "-fno-strict-aliasing" "-ansi" "-w" "-Wall" "-Wextra" "-o" "/opt/rustwide/target/debug/build/tcod-sys-15e71e73ff221b5f/out/libtcod/src/heightmap_c.o" "-c" "libtcod/src/heightmap_c.c"
[INFO] [stderr]   exit code: 0
[INFO] [stderr]   running: "cc" "-O0" "-ffunction-sections" "-fdata-sections" "-fPIC" "-g" "-m64" "-I" "libtcod/include" "-I" "libtcod/src/zlib" "-fno-strict-aliasing" "-ansi" "-w" "-Wall" "-Wextra" "-o" "/opt/rustwide/target/debug/build/tcod-sys-15e71e73ff221b5f/out/libtcod/src/image_c.o" "-c" "libtcod/src/image_c.c"
[INFO] [stderr]   exit code: 0
[INFO] [stderr]   running: "cc" "-O0" "-ffunction-sections" "-fdata-sections" "-fPIC" "-g" "-m64" "-I" "libtcod/include" "-I" "libtcod/src/zlib" "-fno-strict-aliasing" "-ansi" "-w" "-Wall" "-Wextra" "-o" "/opt/rustwide/target/debug/build/tcod-sys-15e71e73ff221b5f/out/libtcod/src/lex_c.o" "-c" "libtcod/src/lex_c.c"
[INFO] [stderr]   exit code: 0
[INFO] [stderr]   running: "cc" "-O0" "-ffunction-sections" "-fdata-sections" "-fPIC" "-g" "-m64" "-I" "libtcod/include" "-I" "libtcod/src/zlib" "-fno-strict-aliasing" "-ansi" "-w" "-Wall" "-Wextra" "-o" "/opt/rustwide/target/debug/build/tcod-sys-15e71e73ff221b5f/out/libtcod/src/list_c.o" "-c" "libtcod/src/list_c.c"
[INFO] [stderr]   exit code: 0
[INFO] [stderr]   running: "cc" "-O0" "-ffunction-sections" "-fdata-sections" "-fPIC" "-g" "-m64" "-I" "libtcod/include" "-I" "libtcod/src/zlib" "-fno-strict-aliasing" "-ansi" "-w" "-Wall" "-Wextra" "-o" "/opt/rustwide/target/debug/build/tcod-sys-15e71e73ff221b5f/out/libtcod/src/mersenne_c.o" "-c" "libtcod/src/mersenne_c.c"
[INFO] [stderr]   exit code: 0
[INFO] [stderr]   running: "cc" "-O0" "-ffunction-sections" "-fdata-sections" "-fPIC" "-g" "-m64" "-I" "libtcod/include" "-I" "libtcod/src/zlib" "-fno-strict-aliasing" "-ansi" "-w" "-Wall" "-Wextra" "-o" "/opt/rustwide/target/debug/build/tcod-sys-15e71e73ff221b5f/out/libtcod/src/noise_c.o" "-c" "libtcod/src/noise_c.c"
[INFO] [stderr]   exit code: 0
[INFO] [stderr]   running: "cc" "-O0" "-ffunction-sections" "-fdata-sections" "-fPIC" "-g" "-m64" "-I" "libtcod/include" "-I" "libtcod/src/zlib" "-fno-strict-aliasing" "-ansi" "-w" "-Wall" "-Wextra" "-o" "/opt/rustwide/target/debug/build/tcod-sys-15e71e73ff221b5f/out/libtcod/src/parser_c.o" "-c" "libtcod/src/parser_c.c"
[INFO] [stderr]   exit code: 0
[INFO] [stderr]   running: "cc" "-O0" "-ffunction-sections" "-fdata-sections" "-fPIC" "-g" "-m64" "-I" "libtcod/include" "-I" "libtcod/src/zlib" "-fno-strict-aliasing" "-ansi" "-w" "-Wall" "-Wextra" "-o" "/opt/rustwide/target/debug/build/tcod-sys-15e71e73ff221b5f/out/libtcod/src/path_c.o" "-c" "libtcod/src/path_c.c"
[INFO] [stderr]   exit code: 0
[INFO] [stderr]   running: "cc" "-O0" "-ffunction-sections" "-fdata-sections" "-fPIC" "-g" "-m64" "-I" "libtcod/include" "-I" "libtcod/src/zlib" "-fno-strict-aliasing" "-ansi" "-w" "-Wall" "-Wextra" "-o" "/opt/rustwide/target/debug/build/tcod-sys-15e71e73ff221b5f/out/libtcod/src/sys_c.o" "-c" "libtcod/src/sys_c.c"
[INFO] [stderr]   exit code: 0
[INFO] [stderr]   running: "cc" "-O0" "-ffunction-sections" "-fdata-sections" "-fPIC" "-g" "-m64" "-I" "libtcod/include" "-I" "libtcod/src/zlib" "-fno-strict-aliasing" "-ansi" "-w" "-Wall" "-Wextra" "-o" "/opt/rustwide/target/debug/build/tcod-sys-15e71e73ff221b5f/out/libtcod/src/sys_opengl_c.o" "-c" "libtcod/src/sys_opengl_c.c"
[INFO] [stderr]   cargo:warning=libtcod/src/sys_opengl_c.c:35:10: fatal error: SDL/SDL.h: No such file or directory
[INFO] [stderr]   cargo:warning=   35 | #include <SDL/SDL.h>
[INFO] [stderr]   cargo:warning=      |          ^~~~~~~~~~~
[INFO] [stderr]   cargo:warning=compilation terminated.
[INFO] [stderr]   exit code: 1
[INFO] [stderr] 
[INFO] [stderr]   --- stderr
[INFO] [stderr]   thread 'main' panicked at '
[INFO] [stderr] 
[INFO] [stderr]   Internal error occurred: Command "cc" "-O0" "-ffunction-sections" "-fdata-sections" "-fPIC" "-g" "-m64" "-I" "libtcod/include" "-I" "libtcod/src/zlib" "-fno-strict-aliasing" "-ansi" "-w" "-Wall" "-Wextra" "-o" "/opt/rustwide/target/debug/build/tcod-sys-15e71e73ff221b5f/out/libtcod/src/sys_opengl_c.o" "-c" "libtcod/src/sys_opengl_c.c" with args "cc" did not execute successfully (status code exit code: 1).
[INFO] [stderr] 
[INFO] [stderr]   ', /opt/rustwide/cargo-home/registry/src/github.com-1ecc6299db9ec823/gcc-0.3.55/src/lib.rs:1672:5
[INFO] [stderr]   stack backtrace:
[INFO] [stderr]      0:     0x55fddca33795 - backtrace::backtrace::libunwind::trace::h5e2646fa3eddf2ea
[INFO] [stderr]                                  at /cargo/registry/src/github.com-1ecc6299db9ec823/backtrace-0.3.46/src/backtrace/libunwind.rs:86
[INFO] [stderr]      1:     0x55fddca33795 - backtrace::backtrace::trace_unsynchronized::hb95dd7f77ce47877
[INFO] [stderr]                                  at /cargo/registry/src/github.com-1ecc6299db9ec823/backtrace-0.3.46/src/backtrace/mod.rs:66
[INFO] [stderr]      2:     0x55fddca33795 - std::sys_common::backtrace::_print_fmt::h5e71b67af43fd70d
[INFO] [stderr]                                  at src/libstd/sys_common/backtrace.rs:78
[INFO] [stderr]      3:     0x55fddca33795 - <std::sys_common::backtrace::_print::DisplayBacktrace as core::fmt::Display>::fmt::hdb4a83d2b61107e5
[INFO] [stderr]                                  at src/libstd/sys_common/backtrace.rs:59
[INFO] [stderr]      4:     0x55fddca5839c - core::fmt::write::ha20e7262fa3e8a7a
[INFO] [stderr]                                  at src/libcore/fmt/mod.rs:1076
[INFO] [stderr]      5:     0x55fddca2f932 - std::io::Write::write_fmt::h1aebfe8a5a79e36d
[INFO] [stderr]                                  at src/libstd/io/mod.rs:1537
[INFO] [stderr]      6:     0x55fddca35f20 - std::sys_common::backtrace::_print::h9c07314cc66ba539
[INFO] [stderr]                                  at src/libstd/sys_common/backtrace.rs:62
[INFO] [stderr]      7:     0x55fddca35f20 - std::sys_common::backtrace::print::hd1fd65f49a2d8544
[INFO] [stderr]                                  at src/libstd/sys_common/backtrace.rs:49
[INFO] [stderr]      8:     0x55fddca35f20 - std::panicking::default_hook::{{closure}}::h222da46485ab36fc
[INFO] [stderr]                                  at src/libstd/panicking.rs:198
[INFO] [stderr]      9:     0x55fddca35c6c - std::panicking::default_hook::hc5868949d129ed00
[INFO] [stderr]                                  at src/libstd/panicking.rs:217
[INFO] [stderr]     10:     0x55fddca36563 - std::panicking::rust_panic_with_hook::h26a6ab8b0993c0c8
[INFO] [stderr]                                  at src/libstd/panicking.rs:526
[INFO] [stderr]     11:     0x55fddca3615b - rust_begin_unwind
[INFO] [stderr]                                  at src/libstd/panicking.rs:437
[INFO] [stderr]     12:     0x55fddca360cb - std::panicking::begin_panic_fmt::h2ff295231415d4a6
[INFO] [stderr]                                  at src/libstd/panicking.rs:391
[INFO] [stderr]     13:     0x55fddc9fc817 - gcc::fail::h848aef746e246696
[INFO] [stderr]                                  at /opt/rustwide/cargo-home/registry/src/github.com-1ecc6299db9ec823/gcc-0.3.55/src/lib.rs:1672
[INFO] [stderr]     14:     0x55fddc9ee44e - gcc::Build::compile::h0416fbdbcd69d343
[INFO] [stderr]                                  at /opt/rustwide/cargo-home/registry/src/github.com-1ecc6299db9ec823/gcc-0.3.55/src/lib.rs:785
[INFO] [stderr]     15:     0x55fddc9b9504 - build_script_build::build_libtcod_objects::h01d9459a2c32106e
[INFO] [stderr]                                  at /opt/rustwide/cargo-home/registry/src/github.com-1ecc6299db9ec823/tcod-sys-4.1.0/build.rs:26
[INFO] [stderr]     16:     0x55fddc9ba033 - build_script_build::main::h64c657c4251d2b2e
[INFO] [stderr]                                  at /opt/rustwide/cargo-home/registry/src/github.com-1ecc6299db9ec823/tcod-sys-4.1.0/build.rs:122
[INFO] [stderr]     17:     0x55fddc9bf40b - std::rt::lang_start::{{closure}}::h5d32d33698ed9200
[INFO] [stderr]                                  at /rustc/cfbc6d4cf1acbac5c025acf8ed68929caa551df3/src/libstd/rt.rs:67
[INFO] [stderr]     18:     0x55fddca36933 - std::rt::lang_start_internal::{{closure}}::h84a998219831fa70
[INFO] [stderr]                                  at src/libstd/rt.rs:52
[INFO] [stderr]     19:     0x55fddca36933 - std::panicking::try::do_call::he8e1d689a3e26def
[INFO] [stderr]                                  at src/libstd/panicking.rs:348
[INFO] [stderr]     20:     0x55fddca36933 - std::panicking::try::h264b6eebc2fa7bbf
[INFO] [stderr]                                  at src/libstd/panicking.rs:325
[INFO] [stderr]     21:     0x55fddca36933 - std::panic::catch_unwind::hbf28fafa723b2128
[INFO] [stderr]                                  at src/libstd/panic.rs:394
[INFO] [stderr]     22:     0x55fddca36933 - std::rt::lang_start_internal::he959aa59bc3ec202
[INFO] [stderr]                                  at src/libstd/rt.rs:51
[INFO] [stderr]     23:     0x55fddc9bf3e7 - std::rt::lang_start::h9304d5730017c509
[INFO] [stderr]                                  at /rustc/cfbc6d4cf1acbac5c025acf8ed68929caa551df3/src/libstd/rt.rs:67
[INFO] [stderr]     24:     0x55fddc9bd8ca - main
[INFO] [stderr]     25:     0x7fd30cc3d0b3 - __libc_start_main
[INFO] [stderr]     26:     0x55fddc9b919e - _start
[INFO] [stderr]     27:                0x0 - <unknown>
[INFO] [stderr] warning: build failed, waiting for other jobs to finish...
[INFO] [stderr] error: build failed
[INFO] running `Command { std: "docker" "inspect" "6867805922b709c3909a1b61b0a85a9dd46685bc826319988bf778bbd75af0ec", kill_on_drop: false }`
[INFO] running `Command { std: "docker" "rm" "-f" "6867805922b709c3909a1b61b0a85a9dd46685bc826319988bf778bbd75af0ec", kill_on_drop: false }`
[INFO] [stdout] 6867805922b709c3909a1b61b0a85a9dd46685bc826319988bf778bbd75af0ec
